et b(z) = 2 - 1 + z - 2*z + 1. Let q be b(4). What is the tens digit of (-8)/q*63/12?
2
Suppose 5*a - 1884 = -2*y, -760 = -2*a + y - 5*y. Suppose 0*m = 4*m - a. What is the tens digit of m?
9
Let r be 1/(-6) - (-39)/18. What is the tens digit of -4 + r + 0 + 53?
5
Suppose -13 = -5*r + 7. Suppose 4*v = -b + 180, 0*v + 154 = 3*v - r*b. Suppose v = 3*n - 65. What is the units digit of n?
7
Let h(o) = -14*o**3 + 3*o**2 + o - 3. What is the tens digit of h(-2)?
1
Let u(c) = 13*c**2 + 92*c - 34. What is the hundreds digit of u(9)?
8
Suppose 3*r - 72 = -r. Let c be r - (6/2 + -3). Let m = c - 11. What is the units digit of m?
7
Let q = 2750 - 1540. What is the units digit of q?
0
Let t(a) = -2*a**2 - 19*a - 18. What is the units digit of t(-8)?
6
Suppose -2*y - 2*t + 855 = 245, 4*t - 1520 = -5*y. Let w = y + -146. What is the hundreds digit of w?
1
Let r = -12 + 18. Let f be 20*(9/r - 1). What is the units digit of (-24)/(-15) + 4/f?
2
Let q(m) = 1 + 4*m**2 + 0 - 1. Let v be q(-1). Suppose 75 - 15 = v*b. What is the tens digit of b?
1
Let c = -507 + 918. What is the units digit of c?
1
Suppose 3*w = 2*h - 0*h + 8, -2*h - 10 = -4*w. What is the units digit of (6 - 1)*(0 - h)?
5
Let f = -10 + 12. Let j be (-3 - -5)/(f/(-4)). Let m = 4 - j. What is the units digit of m?
8
Let z be 3 + (-1)/(0 - -1). Suppose z*i = -0*i + 44. Suppose 0 = -3*t + 2*x + 25, -5*x = 2*t - i - 20. What is the units digit of t?
1
Let h be (5 + -2 - 51) + (1 - 0). Let u = h - -72. What is the units digit of u?
5
Suppose -12 = 2*u - 6*u. Suppose -u*d - 9 = -5*r - d, -r - 12 = -5*d. What is the units digit of (r/(-3))/(4/(-16))?
4
Let w(g) = -264*g + 179. What is the tens digit of w(-15)?
3
Suppose -51*n + 46*n = -5*a + 6235, 0 = -3*a + n + 3749. What is the units digit of a?
1
Let s(x) = x**2 - 13. Let b be s(4). Suppose -11*r + b*r = -392. What is the units digit of r?
9
Let u be -1 + (1 - (2 - 5)). Let c(l) = 5*l**2 - 4*l. What is the tens digit of c(u)?
3
Let y(b) = -2*b. Suppose 4 = -2*f - 0*f. Let c be y(f). What is the units digit of ((-8)/c - -60) + -2?
6
Let f(i) = i**2 + 22*i - 108. What is the units digit of f(-27)?
7
Suppose 5*k - 949 = -l + 7581, -2*k = 5*l - 3412. What is the thousands digit of k?
1
Let t be (102/(-68))/((-2)/(-332)*-1). Let k = t - 135. What is the tens digit of k?
1
Let w(x) = -x**3 + 8*x**2 + 2. Let b be w(8). Suppose b*m = -11 + 161. What is the units digit of m?
5
Suppose 0 = 11*j + 3*j - 29638. What is the thousands digit of j?
2
Let t(w) = w**3 + 4*w**2 - 14*w - 48. Let b be t(-5). Let j(k) = -2 + 5 + 6*k - 16*k. What is the units digit of j(b)?
3
Suppose 2*u + 2*m - 1150 = 5*m, -4*u = -4*m - 2292. What is the hundreds digit of u?
5
Suppose -5*b = -2*b + b. Let n(z) = z**2 - z + 26. Let l be n(0). Suppose 2*f - 22 - l = b. What is the units digit of f?
4
Let d = 140 - 97. Suppose 145*f - 28 = 141*f. Suppose -d = -q + f. What is the units digit of q?
0
Suppose 6 = -0*s + s. What is the tens digit of 1398/30 + s/15?
4
Let v(b) = -116 + 5*b - 3*b**2 - 3*b + 9*b**2 + 112. What is the units digit of v(-3)?
4
What is the units digit of (-4)/(-34) - 1107630/(-1054)?
1
Suppose 2*k + 2273 = x, 16*x - 21*x + 11340 = -5*k. What is the hundreds digit of x?
2
Suppose -x - 504 = 4*c, -5*x - 1512 = -2*x - 2*c. Let m = -269 - x. What is the hundreds digit of m?
2
Let l = 12310 - 8693. What is the thousands digit of l?
3
Let i = -11 + 16. Suppose 0 = -i*s + 10. Suppose -u = 0, 2*u - 16 = -4*j - s*u. What is the units digit of j?
4
Suppose 2*o - 926 = -2*v - 250, -2*v = -o - 682. What is the hundreds digit of v?
3
Let h be ((-8)/(-10))/((-2)/10). What is the hundreds digit of ((-1785)/15)/(0 + -1) + h?
1
Let b = 5 - 0. Suppose 0 = 3*s - 6*s - 9, 0 = -b*v + 3*s - 21. Let o = v + 10. What is the units digit of o?
4
Suppose -10*g = -43788 + 4448. What is the thousands digit of g?
3
Let x(k) = 2*k**3 - k**2 + 10*k + 33. What is the tens digit of x(7)?
4
Let x be (-3 - -2)/(1/6). Let m be (-20)/x*30/25. Suppose 2*z - j = -0*z + 25, -65 = -m*z - j. What is the tens digit of z?
1
Suppose 3*w = -11 - 1. Let c be (-16 + -6 + 3)*-3 + 1. What is the tens digit of c + (-2)/w*-6?
5
Suppose -2*f - 5110 = -5*x, -4*f + 4081 = 4*x - 7*f. What is the thousands digit of x?
1
Let j be (-1 + -3)*44/(-16). Suppose 2*h + 3*a = -j, -4*h + 0*a = -3*a + 13. What is the tens digit of -3 + h/(-4) - -45?
4
Suppose -5*r - 95 = -5*q, 5*q + r - 23 = 48. Suppose 0 = 2*u - 3*p - q, -u - 2*p + 30 = p. What is the units digit of u?
5
Let r be (-30)/4*4/6. Let u(y) = -2*y - 5. Let f be u(r). Suppose -f*z + 81 = -2*h - 0*h, -4*z + 69 = -3*h. What is the units digit of z?
5
Let g = 384 - 141. Suppose -6*r = 3*r - g. What is the tens digit of r?
2
What is the hundreds digit of 30/12 + 1076/8?
1
Let r(p) = -p**3 - 23*p**2 + 62*p - 11. What is the units digit of r(-26)?
5
Let q(z) = -74*z + 132. What is the hundreds digit of q(-8)?
7
Let b(l) = -l**3 + l**2 + l + 8. Let k be b(0). What is the tens digit of ((-47)/(-4))/(2/k)?
4
Let q(i) = -3*i - 2 - 3*i + 5*i. Let z be q(-13). Suppose 3*b - 1 = z. What is the units digit of b?
4
Let i(n) = -2*n**3 - 7*n**2 - n + 14. What is the hundreds digit of i(-8)?
5
Suppose 2*l - p - 388 = -72, -3*l - p = -464. What is the tens digit of l?
5
Let b be (-2)/3*(2 + -8). Suppose -b + 22 = 2*g. Suppose 2*w + 4*z - 56 = 0, -w + g = -2*z - 3. What is the tens digit of w?
2
Let a(b) = -b**2 - 10*b. Let c = 72 - 50. Let f = -29 + c. What is the tens digit of a(f)?
2
Suppose -3*p + 14 = 8. Suppose 0 = 3*v - p*v - 2*u - 215, 5*u + 425 = 2*v. What is the tens digit of v?
2
Let a(c) = 65*c + 6. Let s(x) = 195*x + 19. Let b(j) = 7*a(j) - 2*s(j). What is the tens digit of b(1)?
6
Let c(j) = -j**3 - j**2 + 3*j - 1. Let q be c(-2). What is the units digit of 1 + q/4 + (-1675)/(-20)?
4
Suppose -2*z + 0*z = -3*o + 10, -3*z = -4*o + 15. Suppose -4*i = -o*i - 12. Suppose i*a = -2*a + 4*k + 431, k = -3*a + 245. What is the units digit of a?
3
Let h = -2108 - -2641. What is the units digit of h?
3
Let m = -19 + 21. Suppose m*j - j = 102. What is the units digit of j?
2
Let b = 11 + -7. Suppose 0 = 2*u + 2*u + 3*d + 15, 3*u = -2*d - 10. Suppose -2*r + u = -3*c + 1, b*c + 5*r = 9. What is the units digit of c?
1
Suppose -3*x + 14 = 2*c - 6*c, 2*x + 3*c = 32. Let m(v) = -2*v**3 + 7*v - 6*v + 7 + 3*v**3 - 10*v**2. What is the units digit of m(x)?
7
Let j = -109 - 273. What is the units digit of (-7)/35 - j/10?
8
Let z = 3826 + -2403. What is the tens digit of z?
2
Let r(t) = -t**3 - 3*t**2 - t - 4. Let o be r(-4). Suppose -y = 3*k - 36, 2*k + 0*k - 2*y - o = 0. What is the units digit of k?
1
Let m be 0/(1 + 2 + -5). Suppose -2*i + 69 + 29 = m. What is the units digit of i?
9
Let d(w) = 388*w - 263. What is the units digit of d(3)?
1
What is the thousands digit of (-4)/8*4612/(-2)?
1
Suppose 5*y = 2*j - 6017, -50*y - 9016 = -3*j - 52*y. What is the hundreds digit of j?
0
Suppose -5 = 3*f + 4*a + 17, 2*f + a + 8 = 0. Suppose o + 167 = -5*k, 2*k + o - 3*o + 62 = 0. Let p = f - k. What is the tens digit of p?
3
Suppose -5*v + l - 2659 = -8764, 4*v + 4*l = 4884. What is the tens digit of v/22*(-8)/(-6)?
7
What is the units digit of (-46)/138 + 17500/3?
3
Let z = 28 + -25. Suppose -z*y - 4*w - 24 = -4*y, 3*y - 2 = -2*w. What is the units digit of y?
4
Let z(x) = 2*x**2 + 4*x + 1. Suppose -9 = -i + 2*n, -1 - 5 = 2*n. Let m be z(i). Let j = -15 + m. What is the units digit of j?
6
Let d(j) = 4*j**2. Let o be d(1). Let p = -11 - -30. Suppose 4*s + s = q, -s - p = -o*q. What is the units digit of s?
1
Let c(m) = m**2 - 8*m - 3. Let i be c(9). Let d(s) = s**3 - 4*s**2 + s - 2. What is the units digit of d(i)?
6
Let v(b) = 3*b + 5. Let z(r) = r - 2. Let f be z(11). Let m = 14 - f. What is the tens digit of v(m)?
2
Let p = -38 + 27. Let h(x) = -16*x + 2. Let u be h(-2). Let f = p + u. What is the tens digit of f?
2
Let z(g) = 14*g**2 + 4*g + 2. Let x be z(-2). Suppose 0 = 4*t + 2*u - 26, -3*u + 12 = -5*t + x. Suppose 4*r - 3*r = t. What is the units digit of r?
7
Suppose 0 = -0*k - 2*k + 6. Suppose v = -k*v + 404. Let p = -33 + v. What is the units digit of p?
8
Suppose 8 = 4*v - f + 2*f, 2*f - 10 = -5*v. Let k(b) = b**2 + 11 + 4*b - 11 - 5*b. What is the units digit of k(v)?
2
Suppose -2*j - 75 + 